e 0*t = 5*t + 5*x - 85, 2*x = -8. What is the remainder when t is divided by 6?
3
Suppose 0*x + 10 = x. What is the remainder when 2/(3*(-6)/(-261)) is divided by x?
9
Suppose -g = 5*u + 32, -3*g + 13 - 49 = 5*u. Let j(y) = y + 10. Let w(q) = 5. Let l(x) = -2*j(x) + 5*w(x). What is the remainder when l(u) is divided by 9?
8
Suppose 0 = -r + 3*r - 110. Calculate the remainder when r is divided by 19.
17
Let b = -17 + 26. Calculate the remainder when 2 is divided by (-1)/(-2 + b/6).
0
Let k(f) = -f**2 - 7*f + 3. What is the remainder when k(-4) is divided by 3?
0
Suppose q - 27 = -12. What is the remainder when (2/(-1))/((-1)/14) is divided by q?
13
Suppose -4*c - 3*g - 16 = 0, 0*c = -c - 3*g - 13. Let t be 2/1 + 9/c. Let p = t - -10. Calculate the remainder when 5 is divided by p.
2
Suppose 4*u - 355 = -3*o - 60, 2*u = -5*o + 165. What is the remainder when u is divided by 18?
16
Let f = 52 - 25. What is the remainder when 52 is divided by f?
25
Suppose 14 = -4*c - w - 4*w, 2 = -c - 2*w. Calculate the remainder when 107 is divided by (-5 - 4)/(2/c).
26
Let h(u) = -u + 3 + 0 + 3. Let a be h(-6). Suppose a = 2*r - r. What is the remainder when 34 is divided by r?
10
Suppose 0 = -4*p - 16, -2*z + z = 4*p + 12. Let x = z + 0. Suppose -x*u - 32 = -5*m, -2*m + 3*u = -17 - 0. What is the remainder when 11 is divided by m?
3
Suppose 2*z - 22 = 3*f + 12, -2*f = -3*z + 46. Suppose -74 - 88 = 3*q. Let a = -14 - q. What is the remainder when a is divided by z?
12
Let g = 0 + 1. Let w be (g/(-3))/(1/(-6)). Suppose 3 = w*f - 53. What is the remainder when f is divided by 15?
13
Let s = 37 - 6. Calculate the remainder when s is divided by 8.
7
Let x(q) = -8*q. Calculate the remainder when x(-3) is divided by 9.
6
Let w(z) = z**2 - z. Let i be w(2). Suppose 18 = 2*u - i*y, -2*u = -4*y + 3*y - 18. Calculate the remainder when 25 is divided by u.
7
Let h = -14 - -49. What is the remainder when h is divided by 23?
12
What is the remainder when 2 is divided by 2/(-8)*2 + 10/4?
0
Let i(f) = -f**3 + 12*f**2 - 21*f + 11. What is the remainder when 259 is divided by i(9)?
64
Suppose -4*p = -90 + 6. Let s = 33 - 22. What is the remainder when p is divided by s?
10
Suppose -4 = l + 3*f, 0 = -3*l + f - 5*f + 8. Let b be 18/4*6/9. Suppose h - 7*s = -2*s + 10, -b*s = -4*h + 23. What is the remainder when l is divided by h?
3
Let o be (7/21)/(1/6). Calculate the remainder when 25 is divided by ((-1)/o)/(5/(-130)).
12
Suppose -2*v - 13 = -4*q + 27, q + 2 = 0. Let z be 2*1 + (-1 - v). Suppose -4*d + 9*d = -5*w + z, 4*d + 10 = -w. What is the remainder when 18 is divided by w?
8
Let y(t) = t**2 - 5*t - 4. Let l = 5 - 4. Suppose s - 7 = -l. What is the remainder when 4 is divided by y(s)?
0
Let b = 434 + -282. Let h = -14 - -34. Calculate the remainder when (2/(-4))/((-2)/b) is divided by h.
18
Let z(m) = -m**3 + 8*m**2 + m - 6. Let w be z(8). Suppose w*t = 4*t - 26. What is the remainder when t is divided by 4?
1
Calculate the remainder when (-1 - -31)*3/2 is divided by 16.
13
Suppose -12 = 2*d - 4*b, 0 = -0*b + 2*b. Let t = d + 6. Suppose -5*h + 6 - 1 = t. Calculate the remainder when 2 is divided by h.
0
Let v(f) = -f + 1. Let w be v(-2). Suppose t = 7 + w. Calculate the remainder when t is divided by 6.
4
Suppose -2*i - 286 + 26 = 0. Let j be (-2)/(-6) - i/6. Let l = -11 + j. Calculate the remainder when l is divided by 4.
3
Suppose -4*g + 3*u = -316, -5*u + 316 = 2*g + 2*g. Calculate the remainder when g is divided by 21.
16
Suppose 0 = -g + 3*v + 75, 5*g + 4*v - 111 = 207. What is the remainder when g is divided by 17?
15
Suppose 5 = 2*b - 3. Suppose -3*t + b = -26. Calculate the remainder when t is divided by 4.
2
Let n be 5*(-4 + 3 + 0). What is the remainder when 8/n*70/(-4) is divided by 2*-1 + (-3 - -20)?
13
Suppose 0 = -4*k - k + 160. Suppose l = 4*c - 47, -3*c - 2*c + 40 = 5*l. What is the remainder when k is divided by c?
10
Suppose p = -0*p. Suppose p = -5*l + 8 - 3. What is the remainder when 1 is divided by l?
0
Let k(g) = -g**3 + 8*g**2 + 11*g - 8. Let n be 8 - (4 - 2)/(-2). What is the remainder when 128/7 + 4/(-14) is divided by k(n)?
8
Suppose k + 90 = 5*r, -r + 2*k + 6 = -12. Calculate the remainder when r is divided by 7.
4
Let d = 75 + -38. Suppose 7*h - 3*h = 0. Suppose -5*f - i + 2*i + 65 = h, 0 = 4*f - 5*i - 52. What is the remainder when d is divided by f?
11
Suppose -52 = 7*w - 171. Suppose 0 = -j + r + 4, 5*j - 2*r = -8 + 25. Suppose 0*p = -j*p + 144. Calculate the remainder when p is divided by w.
14
Let b = 6 - -4. Let x(f) = f**2 + f - 38. Calculate the remainder when b is divided by x(-7).
2
Suppose -4*l - 3*n = -n - 52, 3*l - 33 = -3*n. Calculate the remainder when 25 is divided by l.
10
Let u(n) be the third derivative of n**7/126 - n**4/24 - 2*n**2. Let s(k) be the second derivative of u(k). Calculate the remainder when 39 is divided by s(-1).
19
Let b(d) = -4*d + 37. Calculate the remainder when b(0) is divided by 13.
11
Let d(f) = f**2 - 6*f - 2. Let o be d(6). Let p = 2 + o. Suppose 4*r - 8*r + 60 = p. What is the remainder when 58 is divided by r?
13
What is the remainder when (-3*1)/(-2 - -1) is divided by ((-21)/(-9) + -1)/(6/9)?
1
Suppose -140 = -7*l + 2*l. Let z = l - 15. What is the remainder when (-9)/((-63)/(-24) + -3) is divided by z?
11
Suppose 0*x - 2*s = -x + 12, 0 = x + 3*s - 17. What is the remainder when 53 is divided by x?
11
Let y(s) = -3*s - 10. Calculate the remainder when y(-11) is divided by 6.
5
Suppose 2*c = 2*t + 60, 3*c - 2*c = 5*t + 34. Suppose 3*y - 4*h = 29 + 23, -5*y + 82 = -2*h. Calculate the remainder when c is divided by y.
13
Let q(c) = 7*c + 8. Let p(m) = -13*m - 16. Let y(h) = -4*p(h) - 7*q(h). What is the remainder when y(6) is divided by 9?
8
Let m be 1*33*1 - 0. Let d = 9 + 1. Let n = m - d. What is the remainder when 44 is divided by n?
21
Suppose -2*t + w + 2 = 0, -t + 0 + 1 = -2*w. Calculate the remainder when t is divided by 1.
0
Let r(w) = -w**2 + 11*w - 12. Let h = -7 + 15. What is the remainder when 23 is divided by r(h)?
11
Let l(s) = s**3 - 2*s**2 + 2*s - 3. Let a be l(3). Suppose 5*j = j - a. What is the remainder when (j/(-2))/(9/84) is divided by 5?
4
Suppose -4*q + 3*w + 30 = 0, 4*q - w - 12 = 14. Let g = q + -2. Calculate the remainder when 15 is divided by g.
3
Suppose -f = -3*w - 70, -40 = -2*f + 3*w + 85. Suppose -t - 4*t = -4*z - f, 65 = 5*t - 2*z. What is the remainder when 43 is divided by t?
13
Let w = -3 - -7. Suppose -27 = -3*v + 4*c + w, -3*v = 3*c - 3. Let g = -10 + 19. Calculate the remainder when g is divided by v.
4
Suppose 2*v = 2*z - 16, 3*v + 2 = z - 0. Suppose -5*k - 2*i = -7*i - 190, 0 = 2*k + 3*i - 101. What is the remainder when k is divided by z?
10
Suppose -5*c + c = -28. Let b(f) = -6*f - 1. Let l be b(-1). Let q = -1 + l. What is the remainder when c is divided by q?
3
Suppose 3*q + 113 = 4*y - 145, -5*y - 5*q = -305. What is the remainder when 23 is divided by y/12 - 3/(-4)?
5
Let v = -89 + 98. Let c(j) = -j**3 + 8*j**2 - 5*j - 7. What is the remainder when c(6) is divided by v?
8
Suppose 4*c + k = 18, -k + 6*k = 2*c + 2. Suppose -1 - 11 = 3*g. Let m = g - -9. Calculate the remainder when m is divided by c.
1
Let u = -33 - -61. Suppose 3*y - 15 = 0, 2*k + 5 = 4*y + 13. Calculate the remainder when (-2)/2 + -1 + u is divided by k.
12
Let t(y) = 29*y - 1. Calculate the remainder when t(1) is divided by 17.
11
Let f = 89 + -47. Let j(v) = v**3 - 19*v**2 - 20*v + 11. What is the remainder when f is divided by j(20)?
9
Suppose -189 = -4*f - 73. Let m = 43 + -65. Let a = -12 - m. Calculate the remainder when f is divided by a.
9
Let j = 81 + 62. What is the remainder when j is divided by 5?
3
Let z = 65 + -54. What is the remainder when 28 is divided by z?
6
Suppose 0 = 2*u + 3*u + c - 87, 0 = -u + 2*c + 13. Suppose -5*t + 37 = 2*i - i, 4*i - 125 = 3*t. What is the remainder when i is divided by u?
15
Let r be (1/(-4))/((-1)/4). Let u = -4 - -6. Let t = r + u. What is the remainder when 7 is divided by t?
1
What is the remainder when 72 is divided by -1 + 1 + 105/7?
12
Calculate the remainder when 85 is divided by 3 + 5/(20/76).
19
Suppose -g - 4*l = 2, -5*g - 26 = -10*g - 2*l. Let x be 4*12/(0 + 1). Suppose j = 4*j - x. Calculate the remainder when j is divided 